5). Suppose -n - 49 = -3*i, 10 = 5*n - 0*n. What is the highest common divisor of m and i?
17
Let a = -120 - -142. Calculate the greatest common divisor of a and 55.
11
Let m be (-15)/25 + 5936/35. Calculate the greatest common divisor of 13 and m.
13
Suppose 165*g = 162*g + 273. What is the highest common divisor of 7 and g?
7
Let o = -602 + 1008. Suppose 3*p + 666 = 5*m, 3*m + 3*p = 8*p + o. What is the highest common factor of m and 12?
12
Suppose 102*k + 3976 = 110*k. What is the highest common factor of 21 and k?
7
Suppose -122*i + 84*i + 1064 = 0. Calculate the greatest common divisor of i and 8.
4
Let s = 57 + -39. Suppose 3*t - t + a = 136, 2*a - 338 = -5*t. Let k = t - 21. What is the highest common divisor of k and s?
9
Let a be (-24)/(-9) - (-2)/6. Suppose -a*b = 3*w - 87, -5*w + 3*b + 105 = -0*b. Suppose -x + 3*x - 384 = 0. What is the greatest common factor of w and x?
24
Let j = -30 - -35. Suppose -67 = -4*q + j. Calculate the greatest common factor of 45 and q.
9
Suppose 54 = 3*f - 24. Let x = f + 0. Calculate the greatest common factor of 26 and x.
26
Let w(r) = 5*r - 5. Suppose -2*u + 28 = 2*u. Let s be w(u). Let p be 20*(1 - (0 + 0)). Calculate the highest common divisor of s and p.
10
Suppose -9*l = -8*l - 2. Suppose l*a - 51 - 155 = -2*f, 5*a - 305 = -3*f. Calculate the greatest common factor of 21 and f.
21
Let b(j) be the second derivative of 1/2*j**3 + 3*j + 1/4*j**4 - 1/20*j**5 + 0*j**2 + 0. Let s be b(3). What is the greatest common factor of s and 1?
1
Let z(m) = 85*m - 2. Let c be z(2). Suppose 2*r = 5*u - 132, 16*r - 17*r = u - 18. Calculate the highest common divisor of c and u.
24
Suppose -2*f + 2*x - 4 = 4*x, -4*x = 12. Let p be (-6)/(-12) - 7*6/(-4). Calculate the highest common divisor of p and f.
1
Suppose -5*p + 5 = -4*f, 2*p + 4*f = 4 - 30. Let n = 6 - p. Let r(z) = 4*z**2 + 16*z + 6. Let y be r(-7). Calculate the highest common factor of y and n.
9
Suppose 155 = 2*f + 1. Suppose 0 = 4*h - o + f, 0 = 2*h - o + 1 + 36. Let g = h - -56. What is the highest common factor of g and 18?
18
Let a be ((-3)/(-5))/(-3) - (-917)/35. Let i = 228 + -137. Calculate the greatest common divisor of i and a.
13
Suppose -4*c = 48 - 76. Suppose 9*o - 56 = c*o. Calculate the greatest common divisor of 252 and o.
28
Let w = -659 - -693. Calculate the greatest common factor of 136 and w.
34
Let w(g) = -12*g - 9. Let s be w(1). Let o be (-14)/s*(-75)/(-2). Calculate the highest common divisor of 75 and o.
25
Suppose 14*w = 81*w - 737. What is the greatest common factor of w and 1375?
11
Let d = -54 - -118. Let o be ((-30)/(-25))/((-9)/(-60)). What is the greatest common factor of d and o?
8
Let f = -13 + 16. Suppose -14 = f*j + 1, -4*o = -5*j - 421. What is the highest common factor of o and 11?
11
Let l(r) = -15*r + 3. Let z be l(-4). Let x be 4/26 - 115/(-13). What is the highest common divisor of z and x?
9
Let l(q) = -13*q**3 - 17 + 21 + 9*q**3 + q**2. Let y be l(-2). Calculate the greatest common divisor of 100 and y.
20
Let z(g) = -106*g**3 + 3. Let v be z(-2). What is the greatest common factor of v and 23?
23
Suppose -h + 21 = 5*l - 0*l, -4*h - 41 = -5*l. Calculate the highest common divisor of 85 and l.
5
Suppose 110*i - 10944 = 72*i. What is the greatest common divisor of i and 45?
9
Let f(a) = 6*a + 115. Let q be f(-13). Calculate the highest common factor of q and 296.
37
Let p(a) = a**3 - 3*a**2 + 2*a + 11. Let n be p(4). Let m = -21 + n. Let b = 38 - m. Calculate the greatest common factor of 264 and b.
24
Suppose 5*w = -2*z - 249, 2*z + 155 = -3*w - 2*z. Let q = w + 81. Calculate the highest common factor of q and 160.
32
Let q = -1392 + 1504. What is the greatest common factor of 812 and q?
28
Let c be -21 + 24 - (1*-2 - 1). Calculate the greatest common factor of c and 8.
2
Let u = 33 - 15. Suppose -m - m = u. Let o(i) = -i**3 - 7*i**2 - i - 11. Let g be o(m). Calculate the highest common factor of g and 20.
20
Let q = 97 - 91. Calculate the greatest common factor of 33 and q.
3
Let m = 168 + -146. Calculate the greatest common divisor of 11 and m.
11
Suppose 0 = -17*c + 15*c + 18. Let z(i) = i**2 - 3*i - 3. Let r be z(4). What is the highest common divisor of c and r?
1
Suppose 0 = -5*w - 4*c + 28, 2*c = w + 4*c - 8. Suppose w*a = 2*a, -a = -b + 5. Calculate the highest common factor of b and 25.
5
Let v(a) = -a**3 - 21*a**2 + 2*a + 33. Let k be v(-21). Let h be (-2 - (3 + k)) + 4*34. Calculate the highest common divisor of 56 and h.
28
Let h(w) = w + 1. Let o(c) = 2*c**2 + 5*c - 2. Let j(u) = -6*h(u) + o(u). Let f be j(-4). Calculate the greatest common factor of f and 42.
14
Suppose -72 = 1590*a - 1592*a. What is the highest common factor of 1170 and a?
18
Let w(p) = 32*p**2 - 15*p + 2. Let a be w(1). What is the highest common factor of a and 304?
19
Let p(i) = i**3 + 13*i**2 + 4*i - 13. Suppose -18*y + 45 = -21*y. Let q = -24 - y. Let u be p(q). What is the highest common divisor of u and 25?
25
Suppose 7*n - 4*o - 68 = 4*n, -5*o = 5*n - 55. What is the greatest common factor of n and 40?
8
Suppose 2*x = 5*f - 8*f + 143, -3*f + 67 = x. What is the highest common divisor of 114 and x?
38
Let z(a) = 3*a + 76. Let q be z(5). Let t be 20/(-6)*(-6)/4. Suppose 36 = -t*g + q. What is the highest common factor of 1 and g?
1
Suppose 3*o + 2*q + 147 = 4*o, -3*o + 437 = -4*q. What is the greatest common factor of 11 and o?
11
Let d(l) = -7*l**3 - 3*l**2 - 8*l - 22. Let n be d(-3). Calculate the greatest common divisor of n and 41.
41
Let h(f) = 0*f**2 + 8 + f**3 - 8*f + f**2 + 12*f**2. Let x be h(-13). Calculate the highest common factor of 16 and x.
16
Suppose f - 4*h = 7 + 15, h + 3 = -f. Suppose f*r - 4*q = r - 4, -12 = -4*q. Calculate the greatest common divisor of 72 and r.
8
Let n(z) = z**3 - 5*z**2 + 5*z + 5. Let c be n(4). Suppose -4*s + c*s - 180 = 0. Let q = -120 + 210. Calculate the highest common factor of q and s.
18
Let h(d) = -10*d + 429. Let p be h(31). What is the highest common factor of p and 42?
7
Let f(n) = 6*n + 132. Let v be f(-12). Calculate the greatest common factor of v and 20.
20
Let n(v) = 3*v - 15. Let r be n(10). Let a be (6/r)/(3/30). Suppose 4*d + 232 = a*q, -328 = -4*q - 4*d - 56. Calculate the highest common divisor of q and 7.
7
Let j be 8/44 + 4/(-22). Suppose g - 3 - 8 = j. Calculate the greatest common divisor of g and 44.
11
Suppose 5*j + 12 = 2*f, -5*f = j - 2*j - 53. Let m be 328 + -342 - (-134 + -1). Calculate the highest common divisor of m and f.
11
Suppose 64 = 3*l - 107. Suppose -5*z + 8 = -l. What is the highest common divisor of z and 130?
13
Let z be (-2)/(-9) - (-313)/9. Suppose -4*x = -233 - 187. Let f = x - z. What is the highest common factor of f and 14?
14
Suppose -5*n + 145 + 85 = 0. Let g be 28/7*(-206)/(-4). Suppose 346 = 8*m - g. What is the greatest common divisor of n and m?
23
Let u be 2/(-3)*(-109 + -5). Suppose -9*o = -11*o + u. Suppose l = 4*l - 285. What is the highest common divisor of o and l?
19
Let y be 1035/6 - (-168)/48. What is the highest common factor of y and 11?
11
Let d = 77 + -230. Let h = 257 + d. What is the highest common factor of 26 and h?
26
Let a = 3321 - 2277. Calculate the highest common divisor of a and 36.
36
Let d be (-996)/(-21) + (-12)/(-21). Calculate the greatest common divisor of 128 and d.
16
Let j(u) = -u**2 + 99*u - 902. Let y be j(11). What is the greatest common factor of y and 78?
6
Let i(u) = 16*u**2 - 5*u - 3. Let y be i(-1). Calculate the highest common divisor of 738 and y.
18
Suppose 0*a - l = -a - 7, -a - 5*l - 19 = 0. Let z = -4 - a. Let r(y) = 6*y + 129. Let q be r(-14). Calculate the highest common divisor of z and q.
5
Suppose 0 = 4*b + 3*k + k - 1440, 2*k + 354 = b. Suppose -4*u - 42 = b. Let a = -56 - u. Calculate the greatest common factor of 110 and a.
22
Let r(z) = -6*z**3 - 10*z**2 - 9*z. Let m be r(-4). What is the greatest common factor of 5 and m?
5
Let l = 786 - 739. Calculate the greatest common factor of l and 517.
47
Suppose -3*q + 87 = 33. Let l(t) = 0*t**2 - 13 - 3*t + t**2 + 25 - 21. Let x be l(9). Calculate the highest common factor of x and q.
9
Let f = -126 + 204. Let g be (-1)/(-3)*39*1. Calculate the highest common factor of f and g.
13
Let c be 698/22 + 189/693. What is the greatest 